 - g + 1 - 1 + 1. Let j be b(0). Let m = j + 10. What is the tens digit of m?
1
Suppose t - 395 = -4*t. Let c = t - 36. What is the units digit of c?
3
Suppose 2*i + 3*x - 44 = i, i - 5*x - 4 = 0. What is the units digit of i?
9
Suppose -z = 3*h - h + 4, 3*h = 4*z + 16. What is the units digit of (15/z)/((-9)/72)?
0
What is the tens digit of (-3)/((-5)/((-250)/(-6)))?
2
Let a(y) = -y**3 + 6*y**2 - 2*y - 1. Suppose 0 = -2*b + b, b = 5*d - 20. Let c be a(d). Suppose -7 = -5*x + c. What is the units digit of x?
6
Let c(b) = 14*b - 5. Let l be c(5). Suppose -9*v + l = -4*v. What is the units digit of v?
3
Suppose -3*l + 300 = -u + 4*u, 97 = u - 2*l. What is the tens digit of u?
9
Let u be (-2)/(-10) + (-216)/(-20). Suppose u = j - 0*j. Suppose 0 = 2*h + 2*y + 4, -2*h + 13 + j = -5*y. What is the units digit of h?
2
Let d = -10 - -14. Suppose 3*i = -d*f + 54, i + 24 = 2*f - 8. What is the tens digit of f?
1
What is the units digit of (-18)/(-10)*(66 - 1)?
7
Suppose -3 = c - 11. Suppose -c = -3*p + 4. What is the units digit of p?
4
Let d(u) = -u - 1. Let x be d(-7). What is the units digit of 0 + 1*x/2?
3
Suppose -5*j + 140 = 5*u, 4*u + 7*j - 4*j = 112. Let n = u + -18. What is the tens digit of n?
1
Suppose 2*c - 3*u + 4*u - 21 = 0, 5*c - 3*u - 25 = 0. What is the units digit of ((-70)/1)/(c/(-4))?
5
Suppose 48 = 4*g - 12. Suppose g = -0*z + 5*z. What is the units digit of z?
3
Suppose 5*j = 19 - 4. Suppose -j*b = -0*b. Suppose -4*q - 5*x + 34 = b, q - 2*x = -0*q + 2. What is the units digit of q?
6
What is the tens digit of (-4 - 0) + (22 - 1)?
1
Suppose -2*p + 0 + 2 = 0. Suppose 0 = -4*y - p + 17. What is the units digit of y?
4
Suppose 6*q - 12 = 4*q. Suppose h + 44 = 3*v, 0*v = -4*v - 5*h + 84. Let w = v - q. What is the units digit of w?
0
Let b be (-2)/3*3 - -7. Suppose -4 - 8 = -2*i. Suppose -5*q + 9 = s, b*q - 2*s - 21 = -i*s. What is the units digit of q?
1
Let d be (3/(-5) - 1)*5. Let y = -11 - d. What is the units digit of 6 - ((-3 - y) + 3)?
3
Let f(v) = v**3 - v**2 + v - 1. Let p(x) = x**3 - 2*x + 5. Let z(t) = 3*f(t) + p(t). What is the tens digit of z(2)?
2
Let n = 0 - -2. Suppose -z + 2*y + 0 = -n, 0 = -y. Suppose -z = -5*g - 2*l, 3*g + 2 = -l - l. What is the units digit of g?
2
Let g be (12/10)/((-1)/(-5)). What is the tens digit of 27/((-9)/g + 3)?
1
Let s(u) = -u**2 + 4*u + 5. Let i(y) = 2*y**2 - 8*y - 10. Let p(w) = 3*i(w) + 7*s(w). Let o = 1 + 3. What is the units digit of p(o)?
5
Suppose -3*y - 35 = -10*y. What is the units digit of y?
5
Suppose 0 = -4*o + o + 9. Suppose 5*u = -4*h + 9, 5*h - 3*h = o*u + 21. What is the units digit of h?
6
What is the units digit of (-30)/9*(-30)/2?
0
Let m(z) = 8*z - 1. Suppose 0*a + 18 = -3*a. Let q(h) = 9*h - 2. Let j(u) = a*m(u) + 5*q(u). What is the units digit of j(-3)?
5
Let z = 9 + -6. What is the units digit of 2*z/6*4?
4
Let b be -3 - (-5 + (-2 - -1)). What is the units digit of 11 - (0 - (4 - b))?
2
Let n(m) be the first derivative of m**4/4 + m**3/3 - m**2/2 + 8*m - 3. What is the units digit of n(0)?
8
Suppose -6*f + 19 + 107 = 0. What is the units digit of f?
1
Let l(g) = -g**2 + 8*g + 10. Suppose 0 = 3*t - 10 - 11. What is the units digit of l(t)?
7
Let d(q) = 49*q**2 + 7*q + 9. Let c(x) = 25*x**2 + 4*x + 5. Let k(f) = -7*c(f) + 4*d(f). Let i be k(-1). Suppose -i = -2*a - 4. What is the units digit of a?
9
Let p(b) = b**3 - b**2 - 2. Let m be p(2). Suppose -m*i + 4*y + 44 = i, 0 = 3*i + 5*y - 53. Let j = i - 10. What is the units digit of j?
6
Let m(z) = -2*z + 21. What is the units digit of m(8)?
5
Let b = -114 - -168. What is the units digit of b?
4
Let r = -3 + -2. Let l(a) = -a**2 - 7*a - 5. Let k be l(r). Suppose m = x + 4, 2*m - k*x = -0*m + 8. What is the units digit of m?
4
Let i(n) be the first derivative of n**5/20 - n**4/8 - 3*n**2/2 + 2. Let t(s) be the second derivative of i(s). What is the units digit of t(3)?
8
Suppose -d = -5*d - 28. Let n(q) = q + 10. What is the units digit of n(d)?
3
Suppose -5*h + 17 = -r + 4, -5*h - r + 17 = 0. Suppose -h*j = -5*j + 72. What is the units digit of j?
6
Let j(q) = q**2 - 5*q - 8. Let h be j(7). Let a(p) = -p + 10. What is the units digit of a(h)?
4
Suppose 0*u = 5*u + 60. What is the units digit of (16/u)/(4/(-36))?
2
Suppose 2*x - 4*n = -3*n + 51, -3*x - 3*n = -81. Let u = -14 + x. What is the units digit of u?
2
Suppose -5*c = -6*c - 3*h + 151, -5*c - h + 727 = 0. What is the units digit of c?
5
Let k(r) = 4*r**2 - 2*r - 3. What is the units digit of k(-4)?
9
Let s = -12 + 8. What is the units digit of (18/s)/(3/(-6))?
9
Suppose 171 = -8*f + 11*f. What is the units digit of f?
7
Suppose 2*o - 6*o + 8 = 0. Suppose -2*i + 18 = o*a, -a - 16 = i - 5*a. Suppose -i*n + 5*w = -37, -n = 4*n - 2*w - 59. What is the units digit of n?
3
What is the tens digit of 2*(-20)/(-12)*6?
2
Suppose x - 3 = -2*x, 0 = -3*f - 5*x + 17. Suppose -f*h - 15 = -9*h. Suppose -h*c = -c - 18. What is the units digit of c?
9
Let m(x) = -x**3 + 6*x**2 + 8*x - 6. Let h = 10 - 6. Let k = 11 - h. What is the units digit of m(k)?
1
What is the units digit of 200/35 + 4/14?
6
Let z(x) = -x + 1. Let y(w) = w - 1. Let j(q) = 5*y(q) + 3*z(q). What is the units digit of j(4)?
6
What is the units digit of 0*(-5)/15 - -67?
7
Let z = -1 + 6. Suppose 13 + z = 2*b. What is the units digit of b?
9
Let g = 4 + -3. Let c(o) be the second derivative of 3*o**5/20 + o**4/12 - 3*o. What is the units digit of c(g)?
4
Let h(b) = b**3 + b. Let j(z) = 7*z**3 + 7*z**2 + 10*z - 4. Let a(l) = 6*h(l) - j(l). Let r be a(-7). Suppose r = 4*x - 0*x. What is the units digit of x?
8
Suppose 0 = a - 15 - 17. What is the units digit of a?
2
Let n(v) = -1 + 1 + 3*v. What is the units digit of n(3)?
9
Let w(o) be the first derivative of 4*o - 2*o**2 + 1/3*o**3 + 2. What is the units digit of w(3)?
1
Let y = -29 + 53. Suppose 5*i - 6 = y. Let j = -4 + i. What is the units digit of j?
2
Suppose -549 = -5*w - 99. Let i be ((-2)/5)/((-3)/w). Suppose -i = -2*g - 0*g. What is the units digit of g?
6
Suppose 3*i - 51 = -9. What is the units digit of i - 1 - (-4 + 3)?
4
Let m(y) = -y**2 + 8*y - 8. Let u be (1/2)/((-7)/(-70)). What is the units digit of m(u)?
7
Let i be 0 + -1 + 7 - 3. Suppose -12 = -i*v + v. What is the units digit of v?
6
Let a(b) = b**3 + 6*b**2 - 6*b + 5. What is the units digit of a(-6)?
1
Let p be 3 - 3 - 1*6. Let d be (-68)/(-12) + 4/p. Let o(i) = 4*i - 5. What is the units digit of o(d)?
5
Suppose 3*s + 4*f - 11 = 0, -5*s = -0*f + 4*f - 5. Let m(l) = 2*l + 32. Let y be m(-10). Let v = y + s. What is the units digit of v?
9
Let d(r) = -r**2 - r + 11. Let i = -6 - -4. Let f be 2/i - (-3)/3. What is the tens digit of d(f)?
1
Let n = 16 + -13. Suppose -93 = -3*y + 2*i, -y + 5*y + n*i = 124. What is the units digit of y?
1
Suppose -3*i - p = 39 - 97, -4*i - p + 77 = 0. Suppose 5*o = i + 71. What is the tens digit of o?
1
Suppose 0 = t - 0*t + 2. What is the units digit of (-6)/(-4) + (-37)/t?
0
Suppose 2*n - 4*w + 14 = 0, 1 = -0*n + 2*n - w. Suppose 0 = -5*p - 5, -11 - 19 = -n*u - 3*p. What is the tens digit of u?
1
Let n = 165 + -48. What is the hundreds digit of n?
1
Let k(t) = -t - 4. Let q be k(-5). Suppose -y + q = 5. What is the units digit of 1/((-2)/y*1)?
2
Suppose -4*i - 3*o = -7*i + 42, 66 = 5*i - o. What is the units digit of i?
3
Let x be (72/15)/((-1)/(-5)). Suppose -4*q = -4 - x. What is the units digit of q?
7
Let z(v) = v + 3. Let n be z(-2). Let i be 7 - 5 - n*-17. Suppose k - 5*d + 15 = 0, -5*k = -4*d - 11 - i. What is the units digit of k?
0
Suppose 3*o + 251 - 716 = 0. What is the units digit of o?
5
What is the units digit of 51/17 - (1 - 5)?
7
Let t be (-568)/(-28) + (-4)/14. Suppose 3*z - 12 = -0, 5*z - t = -4*f. Suppose 2 + f = 2*o. What is the units digit of o?
1
Let x = -1 + 12. Let w(a) = 4*a - 1. What is the units digit of w(x)?
3
Let v(p) = -3*p**2 - 9. Let f(x) = x**2 + 3. Let b(h) = 7*f(h) + 2*v(h). Let j be b(0). Suppose u = 2 + j. What is the units digit of u?
5
Let c = 0 - -5. Suppose t + c = 6. What is the units digit of t?
1
Suppose 408 = 8*q - 2*q. What is the tens digit of q?
6
Let k(x) = -x**3 + 3*x**2 + 5*x - 6. Let h be k(4). Let g = h + 2. Suppose 0 = 2*i + 5*j - 6, g = -3*i - 2*j + 34 - 14. What is the units digit of i?
8
What is the t